{"id":5833,"date":"2025-12-18T11:57:55","date_gmt":"2025-12-18T10:57:55","guid":{"rendered":"https:\/\/www.groupegruau.com\/governance\/"},"modified":"2026-03-17T18:53:05","modified_gmt":"2026-03-17T17:53:05","slug":"governance","status":"publish","type":"page","link":"https:\/\/www.groupegruau.com\/en\/governance\/","title":{"rendered":"Governance"},"content":{"rendered":"<section id=\"\" data-block-id=\"block_6bd736eb496252be29d23c636d229c18\" class=\"citation-block bloc-citation light\">\n    <div class=\"container\">\n                    <div class=\"wrapper\">\n                <div class=\"subtitle\">\n                    The Governance of the Gruau Group                <\/div>\n                <div class=\"text\">\n                    <p><span class=\"TextRun SCXW96370165 BCX0\" lang=\"FR-FR\" data-contrast=\"auto\" xml:lang=\"FR-FR\"><span class=\"NormalTextRun SCXW96370165 BCX0\">The managers of the Gruau Group are men and women who each uphold the values of the family business.<\/span><\/span><span class=\"EOP SCXW96370165 BCX0\" data-ccp-props=\"{}\"> <\/span><\/p>\n                <\/div>\n            <\/div>\n            <\/div>\n<\/section>\n<section id=\"\" data-block-id=\"block_8c4f4f2e8d7f40af774679f69affe5ff\" class=\"titreh2-block bloc-h2\">\n    <div class=\"container\">\n        <div class=\"wrapper\">\n            <div class=\"flex-1\">\n                <p class=\"tagline\">The Management Team<\/p>\n                <h2 class=\"heading-2 underlined\">The Executive Committee<\/h2>\n            <\/div>\n            <div class=\"flex-1 text\">\n                <p>The Executive Committee meets twice a month. Its role is to ensure the Group&#8217;s strategic progress and to monitor major structuring projects in the HR, industrial, commercial, and financial domains. It reports quarterly to the Strategy and Development Council, whose function is equivalent to that of a Supervisory Board.  <\/p>\n            <\/div>\n        <\/div>\n    <\/div>\n<\/section>\n\n<section id=\"block_e77548482f4735facee0be411b08908c\" class=\"conteneur-block article-body \">\n    <div class=\"acf-innerblocks-container\">\n<section id=\"\" data-block-id=\"block_eaee0ad162ca0ac65cd719cb42f013e1\" class=\"contenu-image-block bloc-contenu-image\">\n    <div class=\"container mx-auto\">\n                <div class=\"content position-left\">\n            <div class=\"wrapper wrapper-image lg:order-1 \">\n                <a href=\"https:\/\/www.groupegruau.com\/app\/uploads\/2025\/12\/Patrick-Gruau-President-du-Groupe-e1767170277893.webp\" class=\"glightbox\" data-gallery=\"galerie-block_eaee0ad162ca0ac65cd719cb42f013e1\">\n                    <img decoding=\"async\" src=\"https:\/\/www.groupegruau.com\/app\/uploads\/2025\/12\/Patrick-Gruau-President-du-Groupe-789x738.webp\" class=\"image\" alt=\"\">\n                <\/a>\n                <p class=\"legend\">\n                                                        <\/p>\n            <\/div>\n            <div class=\"wrapper wrapper-text underlined lg:order-2\">\n                <h4 class=\"heading-4 text-archives-brand-bleu-marine\"><strong>Patrick GRUAU<\/strong><\/h4>\n<p>Group President<\/p>\n<p>Patrick Gruau began his career in Business Development before becoming the fifth leader of the Group in 1985, at just 28 years old.<\/p>\n            <\/div>\n        <\/div>\n    <\/div>\n<\/section>\n\n\n<section id=\"\" data-block-id=\"block_793886714114506ae46ecce2aa3b1fb7\" class=\"contenu-image-block bloc-contenu-image\">\n    <div class=\"container mx-auto\">\n                <div class=\"content position-right\">\n            <div class=\"wrapper wrapper-image lg:order-1 \">\n                <a href=\"https:\/\/www.groupegruau.com\/app\/uploads\/2025\/12\/Patrick-BUCHARD-Directeur-General-Groupe.webp\" class=\"glightbox\" data-gallery=\"galerie-block_793886714114506ae46ecce2aa3b1fb7\">\n                    <img decoding=\"async\" src=\"https:\/\/www.groupegruau.com\/app\/uploads\/2025\/12\/Patrick-BUCHARD-Directeur-General-Groupe-789x738.webp\" class=\"image\" alt=\"\">\n                <\/a>\n                <p class=\"legend\">\n                                                        <\/p>\n            <\/div>\n            <div class=\"wrapper wrapper-text underlined lg:order-2\">\n                <h4 class=\"heading-4 text-archives-brand-bleu-marine\">Patrick BUCHARD<\/h4>\n<p>Group General Manager and Urban Mobility Division<\/p>\n<p>After 25 years of experience within the Group, Patrick Buchard has held the position of General Manager since January 2025.<\/p>\n            <\/div>\n        <\/div>\n    <\/div>\n<\/section>\n\n\n<section id=\"\" data-block-id=\"block_46deab8a16686f890ddd4ca8e928d413\" class=\"contenu-image-block bloc-contenu-image\">\n    <div class=\"container mx-auto\">\n                <div class=\"content position-left\">\n            <div class=\"wrapper wrapper-image lg:order-1 \">\n                <a href=\"https:\/\/www.groupegruau.com\/app\/uploads\/2025\/12\/Christophe-Lucq-Directeur-general-finances-et-juridique.webp\" class=\"glightbox\" data-gallery=\"galerie-block_46deab8a16686f890ddd4ca8e928d413\">\n                    <img decoding=\"async\" src=\"https:\/\/www.groupegruau.com\/app\/uploads\/2025\/12\/Christophe-Lucq-Directeur-general-finances-et-juridique-789x738.webp\" class=\"image\" alt=\"Christophe Lucq Directeur g\u00e9n\u00e9ral finances et juridique\">\n                <\/a>\n                <p class=\"legend\">\n                                                        <\/p>\n            <\/div>\n            <div class=\"wrapper wrapper-text underlined lg:order-2\">\n                <h3 class=\"heading-3 text-archives-brand-bleu-marine\">Christophe LUCQ<\/h3>\n<p>General Manager, Finance and Legal<\/p>\n<p><span data-olk-copy-source=\"MessageBody\">Christophe Lucq, a certified public accountant, has solid experience blending financial expertise with operational leadership in international contexts.<\/span><\/p>\n            <\/div>\n        <\/div>\n    <\/div>\n<\/section>\n\n\n<section id=\"\" data-block-id=\"block_0539119ac0b06b3ac5acdf4e1398b596\" class=\"contenu-image-block bloc-contenu-image\">\n    <div class=\"container mx-auto\">\n                <div class=\"content position-right\">\n            <div class=\"wrapper wrapper-image lg:order-1 \">\n                <a href=\"https:\/\/www.groupegruau.com\/app\/uploads\/2025\/12\/Philippe-Navarre-Directeur-General-pole-vehicules-sanitaires.webp\" class=\"glightbox\" data-gallery=\"galerie-block_0539119ac0b06b3ac5acdf4e1398b596\">\n                    <img decoding=\"async\" src=\"https:\/\/www.groupegruau.com\/app\/uploads\/2025\/12\/Philippe-Navarre-Directeur-General-pole-vehicules-sanitaires-789x738.webp\" class=\"image\" alt=\"Philippe Navarre Directeur G\u00e9n\u00e9ral p\u00f4le v\u00e9hicules sanitaires\">\n                <\/a>\n                <p class=\"legend\">\n                                                        <\/p>\n            <\/div>\n            <div class=\"wrapper wrapper-text underlined lg:order-2\">\n                <h3 class=\"heading-3 text-archives-brand-bleu-marine\">Philippe NAVARRE<\/h3>\n<p>General Manager, Sanitary Vehicles Division<\/p>\n<p>Recognized as a team builder and a commercial and industrial developer, Philippe Navarre has a background particularly well-suited to industrial sites.<\/p>\n            <\/div>\n        <\/div>\n    <\/div>\n<\/section>\n\n<\/div>\n<\/section>\n\n<h2 class=\"wp-block-heading container py-6 heading-2 text-archives-brand-bleu-marine\">The Group Committee<\/h2>\n<section id=\"\" data-block-id=\"block_70f3190fb382dd0f102ac265f0da5fc9\" class=\"contenu-image-block bloc-contenu-image\">\n    <div class=\"container mx-auto\">\n                <div class=\"content position-right\">\n            <div class=\"wrapper wrapper-image lg:order-1 \">\n                <a href=\"https:\/\/www.groupegruau.com\/app\/uploads\/2025\/12\/Comite-de-Groupe.webp\" class=\"glightbox\" data-gallery=\"galerie-block_70f3190fb382dd0f102ac265f0da5fc9\">\n                    <img decoding=\"async\" src=\"https:\/\/www.groupegruau.com\/app\/uploads\/2025\/12\/Comite-de-Groupe-1107x738.webp\" class=\"image\" alt=\"Comit\u00e9 de Groupe Gruau\">\n                <\/a>\n                <p class=\"legend\">\n                                                        <\/p>\n            <\/div>\n            <div class=\"wrapper wrapper-text underlined lg:order-2\">\n                <h4 class=\"heading-4 text-archives-brand-bleu-marine\">Managers who foster the performance of their site and intra-group synergies<\/h4>\n<h3 class=\"heading-3 text-archives-brand-bleu-marine\"><\/h3>\n<p>The Group Committee meets twice a year. It brings together activity and subsidiary directors. Its role is to ensure the execution of annual action plans and dashboards, to share unifying topics, and to monitor major trends in activities and the environment.  <\/p>\n            <\/div>\n        <\/div>\n    <\/div>\n<\/section>\n","protected":false},"excerpt":{"rendered":"<p>The Group Committee<\/p>\n","protected":false},"author":3,"featured_media":5837,"parent":0,"menu_order":0,"comment_status":"closed","ping_status":"closed","template":"","meta":{"_acf_changed":false,"footnotes":""},"class_list":["post-5833","page","type-page","status-publish","has-post-thumbnail","hentry"],"acf":{"mini_description":"Governance"},"_links":{"self":[{"href":"https:\/\/www.groupegruau.com\/en\/wp-json\/wp\/v2\/pages\/5833","targetHints":{"allow":["GET"]}}],"collection":[{"href":"https:\/\/www.groupegruau.com\/en\/wp-json\/wp\/v2\/pages"}],"about":[{"href":"https:\/\/www.groupegruau.com\/en\/wp-json\/wp\/v2\/types\/page"}],"author":[{"embeddable":true,"href":"https:\/\/www.groupegruau.com\/en\/wp-json\/wp\/v2\/users\/3"}],"replies":[{"embeddable":true,"href":"https:\/\/www.groupegruau.com\/en\/wp-json\/wp\/v2\/comments?post=5833"}],"version-history":[{"count":7,"href":"https:\/\/www.groupegruau.com\/en\/wp-json\/wp\/v2\/pages\/5833\/revisions"}],"predecessor-version":[{"id":7061,"href":"https:\/\/www.groupegruau.com\/en\/wp-json\/wp\/v2\/pages\/5833\/revisions\/7061"}],"wp:featuredmedia":[{"embeddable":true,"href":"https:\/\/www.groupegruau.com\/en\/wp-json\/wp\/v2\/media\/5837"}],"wp:attachment":[{"href":"https:\/\/www.groupegruau.com\/en\/wp-json\/wp\/v2\/media?parent=5833"}],"curies":[{"name":"wp","href":"https:\/\/api.w.org\/{rel}","templated":true}]}}

<section id="" data-block-id="block_6bd736eb496252be29d23c636d229c18" class="citation-block bloc-citation light">
    <div class="container">
                    <div class="wrapper">
                <div class="subtitle">
                    The Governance of the Gruau Group                </div>
                <div class="text">
                    <p><span class="TextRun SCXW96370165 BCX0" lang="FR-FR" data-contrast="auto" xml:lang="FR-FR"><span class="NormalTextRun SCXW96370165 BCX0">The managers of the Gruau Group are men and women who each uphold the values of the family business.</span></span><span class="EOP SCXW96370165 BCX0" data-ccp-props="{}"> </span></p>
                </div>
            </div>
            </div>
</section>
<section id="" data-block-id="block_8c4f4f2e8d7f40af774679f69affe5ff" class="titreh2-block bloc-h2">
    <div class="container">
        <div class="wrapper">
            <div class="flex-1">
                <p class="tagline">The Management Team</p>
                <h2 class="heading-2 underlined">The Executive Committee</h2>
            </div>
            <div class="flex-1 text">
                <p>The Executive Committee meets twice a month. Its role is to ensure the Group&#8217;s strategic progress and to monitor major structuring projects in the HR, industrial, commercial, and financial domains. It reports quarterly to the Strategy and Development Council, whose function is equivalent to that of a Supervisory Board.  </p>
            </div>
        </div>
    </div>
</section>

<section id="block_e77548482f4735facee0be411b08908c" class="conteneur-block article-body ">
    <div class="acf-innerblocks-container">
<section id="" data-block-id="block_eaee0ad162ca0ac65cd719cb42f013e1" class="contenu-image-block bloc-contenu-image">
    <div class="container mx-auto">
                <div class="content position-left">
            <div class="wrapper wrapper-image lg:order-1 ">
                <a href="https://www.groupegruau.com/app/uploads/2025/12/Patrick-Gruau-President-du-Groupe-e1767170277893.webp" class="glightbox" data-gallery="galerie-block_eaee0ad162ca0ac65cd719cb42f013e1">
                    <img decoding="async" src="https://www.groupegruau.com/app/uploads/2025/12/Patrick-Gruau-President-du-Groupe-789x738.webp" class="image" alt="">
                </a>
                <p class="legend">
                                                        </p>
            </div>
            <div class="wrapper wrapper-text underlined lg:order-2">
                <h4 class="heading-4 text-archives-brand-bleu-marine"><strong>Patrick GRUAU</strong></h4>
<p>Group President</p>
<p>Patrick Gruau began his career in Business Development before becoming the fifth leader of the Group in 1985, at just 28 years old.</p>
            </div>
        </div>
    </div>
</section>


<section id="" data-block-id="block_793886714114506ae46ecce2aa3b1fb7" class="contenu-image-block bloc-contenu-image">
    <div class="container mx-auto">
                <div class="content position-right">
            <div class="wrapper wrapper-image lg:order-1 ">
                <a href="https://www.groupegruau.com/app/uploads/2025/12/Patrick-BUCHARD-Directeur-General-Groupe.webp" class="glightbox" data-gallery="galerie-block_793886714114506ae46ecce2aa3b1fb7">
                    <img decoding="async" src="https://www.groupegruau.com/app/uploads/2025/12/Patrick-BUCHARD-Directeur-General-Groupe-789x738.webp" class="image" alt="">
                </a>
                <p class="legend">
                                                        </p>
            </div>
            <div class="wrapper wrapper-text underlined lg:order-2">
                <h4 class="heading-4 text-archives-brand-bleu-marine">Patrick BUCHARD</h4>
<p>Group General Manager and Urban Mobility Division</p>
<p>After 25 years of experience within the Group, Patrick Buchard has held the position of General Manager since January 2025.</p>
            </div>
        </div>
    </div>
</section>


<section id="" data-block-id="block_46deab8a16686f890ddd4ca8e928d413" class="contenu-image-block bloc-contenu-image">
    <div class="container mx-auto">
                <div class="content position-left">
            <div class="wrapper wrapper-image lg:order-1 ">
                <a href="https://www.groupegruau.com/app/uploads/2025/12/Christophe-Lucq-Directeur-general-finances-et-juridique.webp" class="glightbox" data-gallery="galerie-block_46deab8a16686f890ddd4ca8e928d413">
                    <img decoding="async" src="https://www.groupegruau.com/app/uploads/2025/12/Christophe-Lucq-Directeur-general-finances-et-juridique-789x738.webp" class="image" alt="Christophe Lucq Directeur général finances et juridique">
                </a>
                <p class="legend">
                                                        </p>
            </div>
            <div class="wrapper wrapper-text underlined lg:order-2">
                <h3 class="heading-3 text-archives-brand-bleu-marine">Christophe LUCQ</h3>
<p>General Manager, Finance and Legal</p>
<p><span data-olk-copy-source="MessageBody">Christophe Lucq, a certified public accountant, has solid experience blending financial expertise with operational leadership in international contexts.</span></p>
            </div>
        </div>
    </div>
</section>


<section id="" data-block-id="block_0539119ac0b06b3ac5acdf4e1398b596" class="contenu-image-block bloc-contenu-image">
    <div class="container mx-auto">
                <div class="content position-right">
            <div class="wrapper wrapper-image lg:order-1 ">
                <a href="https://www.groupegruau.com/app/uploads/2025/12/Philippe-Navarre-Directeur-General-pole-vehicules-sanitaires.webp" class="glightbox" data-gallery="galerie-block_0539119ac0b06b3ac5acdf4e1398b596">
                    <img decoding="async" src="https://www.groupegruau.com/app/uploads/2025/12/Philippe-Navarre-Directeur-General-pole-vehicules-sanitaires-789x738.webp" class="image" alt="Philippe Navarre Directeur Général pôle véhicules sanitaires">
                </a>
                <p class="legend">
                                                        </p>
            </div>
            <div class="wrapper wrapper-text underlined lg:order-2">
                <h3 class="heading-3 text-archives-brand-bleu-marine">Philippe NAVARRE</h3>
<p>General Manager, Sanitary Vehicles Division</p>
<p>Recognized as a team builder and a commercial and industrial developer, Philippe Navarre has a background particularly well-suited to industrial sites.</p>
            </div>
        </div>
    </div>
</section>

</div>
</section>

<h2 class="wp-block-heading container py-6 heading-2 text-archives-brand-bleu-marine">The Group Committee</h2>
<section id="" data-block-id="block_70f3190fb382dd0f102ac265f0da5fc9" class="contenu-image-block bloc-contenu-image">
    <div class="container mx-auto">
                <div class="content position-right">
            <div class="wrapper wrapper-image lg:order-1 ">
                <a href="https://www.groupegruau.com/app/uploads/2025/12/Comite-de-Groupe.webp" class="glightbox" data-gallery="galerie-block_70f3190fb382dd0f102ac265f0da5fc9">
                    <img decoding="async" src="https://www.groupegruau.com/app/uploads/2025/12/Comite-de-Groupe-1107x738.webp" class="image" alt="Comité de Groupe Gruau">
                </a>
                <p class="legend">
                                                        </p>
            </div>
            <div class="wrapper wrapper-text underlined lg:order-2">
                <h4 class="heading-4 text-archives-brand-bleu-marine">Managers who foster the performance of their site and intra-group synergies</h4>
<h3 class="heading-3 text-archives-brand-bleu-marine"></h3>
<p>The Group Committee meets twice a year. It brings together activity and subsidiary directors. Its role is to ensure the execution of annual action plans and dashboards, to share unifying topics, and to monitor major trends in activities and the environment.  </p>
            </div>
        </div>
    </div>
</section>
